te?
True
Is 807738509 prime?
True
Is 231538037 composite?
False
Is 63329554003 a prime number?
False
Is 14117229739 a prime number?
True
Is 1977186017 a composite number?
True
Is 9993982699 a prime number?
True
Is 14652522493 a prime number?
False
Is 1370754793 prime?
False
Is 6311761 prime?
False
Is 3297204245 a prime number?
False
Is 1718781109 a prime number?
False
Is 24945162499 prime?
True
Is 6427512593 composite?
False
Is 717808583 prime?
False
Is 24133513099 a prime number?
True
Is 8046771377 a prime number?
False
Is 7385092093 prime?
False
Is 68518140757 composite?
True
Is 1571098899 a prime number?
False
Is 212624591 a composite number?
False
Is 894762233 prime?
False
Is 910099849 composite?
True
Is 254607401605 composite?
True
Is 9191722171 a prime number?
True
Is 3192007223 a prime number?
True
Is 986587823 prime?
False
Is 65301195677 composite?
False
Is 1294938011 prime?
False
Is 5074950623 a prime number?
True
Is 12071993 composite?
True
Is 24183887911 composite?
False
Is 32818893953 composite?
True
Is 66402166751 a composite number?
True
Is 1043488259 prime?
False
Is 670224251 composite?
False
Is 529528533 composite?
True
Is 7497086819 a prime number?
False
Is 59117214151 prime?
True
Is 76171118909 composite?
True
Is 3198171719 prime?
True
Is 1313661211 composite?
False
Is 1871918639 composite?
True
Is 8234853769 composite?
False
Is 47834704289 a prime number?
True
Is 193626089 a composite number?
True
Is 25981684151 prime?
False
Is 17910892009 composite?
True
Is 10567977789 composite?
True
Is 1012788397 a prime number?
True
Is 510043811 prime?
False
Is 759548683 prime?
False
Is 14570172893 prime?
False
Is 5002449901 composite?
False
Is 8801632919 composite?
False
Is 7547907233 a composite number?
False
Is 377291329 composite?
True
Is 3437549657 a prime number?
False
Is 108965585 composite?
True
Is 31006179467 composite?
True
Is 29406644777 composite?
False
Is 198812401 a composite number?
False
Is 109859041393 composite?
False
Is 9113821 a composite number?
False
Is 467780045 composite?
True
Is 831584441 a composite number?
False
Is 17418881549 a composite number?
False
Is 4056040883 prime?
True
Is 12651193967 a prime number?
False
Is 1395225509 a prime number?
False
Is 67071101017 composite?
False
Is 3000039023 a prime number?
True
Is 201659259 composite?
True
Is 21213480289 composite?
True
Is 2428024789 composite?
True
Is 16703635973 prime?
True
Is 24228532999 a prime number?
False
Is 1056749741 composite?
True
Is 54938352449 prime?
True
Is 4165659661 composite?
False
Is 36147297373 a composite number?
True
Is 2428989781 a composite number?
False
Is 2584806682 prime?
False
Is 22471622857 prime?
True
Is 9515152429 composite?
False
Is 1064691757 a prime number?
False
Is 2194362983 composite?
False
Is 675654011 composite?
False
Is 14175061031 composite?
True
Is 177595919 prime?
False
Is 5955890173 a composite number?
True
Is 92539721033 prime?
True
Is 542483983 a composite number?
True
Is 122714063 prime?
True
Is 11226510679 prime?
True
Is 252249593291 composite?
True
Is 85056138203 composite?
False
Is 53175824633 prime?
True
Is 283021727 a composite number?
True
Is 14331886741 a composite number?
True
Is 32594305361 composite?
False
Is 24974519351 a composite number?
True
Is 723799819 prime?
False
Is 351164371 a composite number?
False
Is 312051637 prime?
True
Is 3920574341 a prime number?
True
Is 12963911003 composite?
True
Is 1240084891 a prime number?
True
Is 2225558011 prime?
True
Is 15888262861 a composite number?
True
Is 311538629 prime?
True
Is 19849195909 prime?
True
Is 4435667303 prime?
True
Is 40844686 a composite number?
True
Is 2701867501 a composite number?
False
Is 41136997777 composite?
False
Is 1426942247 prime?
True
Is 337769369 composite?
True
Is 455149309 composite?
True
Is 4451552431 composite?
False
Is 11676800297 prime?
False
Is 125569207223 a prime number?
True
Is 17302739813 prime?
False
Is 74465077 a prime number?
False
Is 2264694001 a prime number?
False
Is 36252797629 a prime number?
True
Is 11188411541 a prime number?
True
Is 44934562291 a prime number?
False
Is 267502127 a composite number?
False
Is 130329047 a composite number?
False
Is 6399752642 a composite number?
True
Is 520031791 prime?
True
Is 1122255803 prime?
True
Is 91855730399 a composite number?
False
Is 698560167 composite?
True
Is 18956772269 a composite number?
False
Is 12847686373 composite?
False
Is 1371479741 composite?
True
Is 2986356767 prime?
False
Is 4666475941 a prime number?
False
Is 206638013 composite?
False
Is 2218555123 composite?
False
Is 485869101 composite?
True
Is 60213733391 a prime number?
False
Is 25585413377 a composite number?
True
Is 1203097739 a prime number?
True
Is 919514422 a prime number?
False
Is 6993603523 a prime number?
False
Is 6892002179 prime?
False
Is 58416692821 prime?
False
Is 173769887 composite?
False
Is 122538468785 prime?
False
Is 9463877 a composite number?
False
Is 5528488901 prime?
False
Is 1575050221 a prime number?
False
Is 778597139 composite?
False
Is 422470019 prime?
True
Is 22583038571 prime?
False
Is 18455088809 prime?
True
Is 339038317 a composite number?
True
Is 689184563 composite?
True
Is 10994294499 a prime number?
False
Is 1109631793 a prime number?
True
Is 2138869633 composite?
False
Is 53235951751 a prime number?
True
Is 9602665 a composite number?
True
Is 4559674579 a prime number?
False
Is 1008774761 a composite number?
False
Is 586246643 prime?
True
Is 426060751 composite?
False
Is 10947211435 a prime number?
False
Is 45935579 a prime number?
True
Is 8411971261 a composite number?
False
Is 46829183 prime?
False
Is 155222823193 composite?
True
Is 6159232759 composite?
True
Is 578830519 composite?
True
Is 20963424301 prime?
False
Is 5658238177 prime?
True
Is 32652894331 composite?
False
Is 27990026398 composite?
True
Is 51819286579 a composite number?
True
Is 37027278265 composite?
True
Is 353750069369 prime?
True
Is 1555220197 a composite number?
True
Is 308977087 prime?
False
Is 561540361 composite?
True
Is 43550497703 a composite number?
False
Is 204588716491 a composite number?
False
Is 325080043555 composite?
True
Is 170247850449 a composite number?
True
Is 23724452347 composite?
True
Is 16049207429 prime?
False
Is 6424934279 composite?
False
Is 76411425877 composite?
False
Is 4883837479 composite?
True
Is 1346602693 a prime number?
True
Is 65530871017 composite?
False
Is 318976877 prime?
True
Is 1252754801 a composite number?
False
Is 7881941086 composite?
True
Is 9766533731 composite?
True
Is 6710518849 prime?
True
Is 43088445619 composite?
True
Is 1655693969 a composite number?
False
Is 9585157083 prime?
False
Is 9581534507 a composite number?
True
Is 61941313843 prime?
False
Is 12535662941 composite?
False
Is 998172083 composite?
True
Is 453608663 a composite number?
True
Is 28427802847 a composite number?
False
Is 2494496489 prime?
False
Is 600320737 composite?
True
Is 963193457 a prime number?
False
Is 139825789 prime?
True
Is 10102521551 a composite number?
True
Is 20718042333 a prime number?
False
Is 2002863241 prime?
True
Is 356416057 prime?
False
Is 5766772903 a prime number?
False
Is 11044003678 a composite number?
True
Is 1779300469 composite?
True
Is 18330997939 a prime number?
True
Is 2033139547 composite?
True
Is 1339323397 prime?
False
Is 602099114 a prime number?
False
Is 22677167707 composite?
True
Is 13377654302 a prime number?
False
Is 247744397 prime?
True
Is 8525003471 prime?
True
Is 223236649487 composite?
False
Is 35136745643 prime?
True
Is 14660854693 prime?
False
Is 1056307366 composite?
True
Is 8225154347 composite?
False
Is 1828790861 composite?
True
Is 31378907 composite?
True
Is 3125627093 composite?
False
Is 199118599003 a prime number?
False
Is 36355266953 composite?
False
Is 2813466673 prime?
True
Is 4140174497 prime?
True
Is 102857790733 a composite number?
True
Is 9353876369 a prime number?
False
Is 66853197787 a composite number?
True
Is 114426451 a composite number?
False
Is 3197193557 composite?
False
Is 720523 a prime number?
False
Is 1061304001 prime?
True
Is 11044371197 a prime number?
True
Is 1701742853 a prime number?
True
Is 19507049011 a composite number?
False
Is 245850245 prime?
False
Is 3213560797 a composite number?
F